{"id":980,"date":"2017-12-05T12:14:17","date_gmt":"2017-12-05T10:14:17","guid":{"rendered":"http:\/\/fabriikki8.fi\/?page_id=980"},"modified":"2023-02-20T14:11:56","modified_gmt":"2023-02-20T12:11:56","slug":"elizabeth-harrower-tietyissa-piireissa","status":"publish","type":"page","link":"https:\/\/fabriikki8.fi\/wordpress\/kustannus\/elizabeth-harrower-tietyissa-piireissa\/","title":{"rendered":"Elizabeth Harrower: Tietyiss\u00e4 piireiss\u00e4"},"content":{"rendered":"<div id=\"attachment_723\" style=\"width: 204px\" class=\"wp-caption alignleft\"><a href=\"https:\/\/fabriikki8.fi\/wordpress\/wp-content\/uploads\/2015\/10\/Elizabeth-Harrower-Tietyiss\u00e4-Piireiss\u00e4-ISBN-978-952-68456-3-0.png\" rel=\"attachment wp-att-723\"><img loading=\"lazy\" decoding=\"async\" aria-describedby=\"caption-attachment-723\" class=\"wp-image-723 size-medium\" src=\"https:\/\/fabriikki8.fi\/wordpress\/wp-content\/uploads\/2015\/10\/Elizabeth-Harrower-Tietyiss\u00e4-Piireiss\u00e4-ISBN-978-952-68456-3-0-194x300.png\" alt=\"Elizabeth Harrower: Tietyiss\u00e4 piireiss\u00e4. Suomentanut Laura Vesanto. 224 s, nidottu. ISBN 978-952-68456-3-0.\" width=\"194\" height=\"300\" srcset=\"https:\/\/fabriikki8.fi\/wordpress\/wp-content\/uploads\/2015\/10\/Elizabeth-Harrower-Tietyiss\u00e4-Piireiss\u00e4-ISBN-978-952-68456-3-0-194x300.png 194w, https:\/\/fabriikki8.fi\/wordpress\/wp-content\/uploads\/2015\/10\/Elizabeth-Harrower-Tietyiss\u00e4-Piireiss\u00e4-ISBN-978-952-68456-3-0-768x1186.png 768w, https:\/\/fabriikki8.fi\/wordpress\/wp-content\/uploads\/2015\/10\/Elizabeth-Harrower-Tietyiss\u00e4-Piireiss\u00e4-ISBN-978-952-68456-3-0-663x1024.png 663w, https:\/\/fabriikki8.fi\/wordpress\/wp-content\/uploads\/2015\/10\/Elizabeth-Harrower-Tietyiss\u00e4-Piireiss\u00e4-ISBN-978-952-68456-3-0-97x150.png 97w, https:\/\/fabriikki8.fi\/wordpress\/wp-content\/uploads\/2015\/10\/Elizabeth-Harrower-Tietyiss\u00e4-Piireiss\u00e4-ISBN-978-952-68456-3-0.png 786w\" sizes=\"auto, (max-width: 194px) 100vw, 194px\" \/><\/a><p id=\"caption-attachment-723\" class=\"wp-caption-text\"><strong>Elizabeth Harrower<\/strong>:\u00a0<em>Tietyiss\u00e4 piireiss\u00e4<\/em>\u00a0 (<em>In Certain Circles,<\/em> 2014<em>)<\/em>\u00a0Suom. Laura Vesanto. ISBN 978-952-68456-3-0, nid., 224 s.<\/p><\/div>\n<p><strong>Tyylik\u00e4s psykologinen tutkielma Australian seurapiireist\u00e4 1970-luvulla<\/strong><\/p>\n<p>Howardien perhe el\u00e4\u00e4 ylt\u00e4kyll\u00e4isen etuoikeutettua ja itseriittoista el\u00e4m\u00e4\u00e4 Sydneyn hienostoalueella. Perheen valveutunut poika Russell tuo mukanaan taloon orposisarukset Annan ja Stephenin, jotka tulevat aivan toisenlaisista oloista. Seitsem\u00e4ntoistavuotiasta Zoe Howardia ei ole koskaan aikaisemmin uskallettu kyseenalaistaa, ja tyt\u00f6n maailma j\u00e4rkkyy lopullisesti.<\/p>\n<p><strong>Elizabeth Harrowerin<\/strong>\u00a0<em>Tietyiss\u00e4 piireiss\u00e4<\/em>\u00a0(<em>In Certain Circles<\/em>, 2014)\u00a0on viilt\u00e4v\u00e4n hillitty psykologinen draama, jossa kaksi perhett\u00e4 pyristelee toistensa varjossa 1940-60-lukujen Australiassa. Karisma tai itsevarmuus eiv\u00e4t suojaa tyrannialta, eik\u00e4 liian erilaisia maailmankatsomuksia voi vuosikymmenten ty\u00f6ll\u00e4k\u00e4\u00e4n sovittaa yhteen.<\/p>\n<p><em>Tietyiss\u00e4 piireiss\u00e4<\/em>\u00a0valmistui vuonna 1971, mutta vain muutamaa kuukautta ennen sovittua julkaisuajankohtaa Harrower veti teoksen kustantajaltaan.\u00a0Syyt\u00e4 kirjailija ei suostunut paljastamaan, ja samoihin aikoihin h\u00e4n my\u00f6s lopetti kirjoittamisen ja vet\u00e4ytyi julkisuudesta. Australialainen Text Publishing l\u00f6ysi teoksen vuonna 2014, ja lopulta Harrower suostui kauan kateissa olleen romaaninsa julkaisuun.<\/p>\n<p><a href=\"https:\/\/holvi.com\/shop\/fabriikki8\/product\/dfa4b34b37003bfeeec481dec0d1cecb\/\" target=\"_blank\" rel=\"noopener\">Osta verkkokaupasta<\/a><\/p>\n<p>Teoksesta muualla:<br \/>\n<a href=\"http:\/\/readerwhydidimarryhim.blogspot.fi\/2016\/09\/elizabeth-harrower-tietyissa-piireissa.html\" target=\"_blank\" rel=\"noopener\">Reader why did I marry him? -blogi<br \/>\n<\/a><a href=\"http:\/\/kristankirjat.blogspot.fi\/2016\/09\/elisabeth-harrower-tietyissa-piireissa.html\" target=\"_blank\" rel=\"noopener\">Lukutoukan kulttuuriblogi<br \/>\n<\/a><a href=\"http:\/\/ullankirjat.blogspot.fi\/2016\/09\/elizabeth-harrower-tietyissa-piireissa.html\" target=\"_blank\" rel=\"noopener\">Ullan luetut kirjat<br \/>\n<\/a><a href=\"https:\/\/tuijata.wordpress.com\/2016\/10\/09\/elizabeth-harrower-tietyissa-piireissa\/\" target=\"_blank\" rel=\"noopener\">Tuijata-blogi<br \/>\n<\/a><a href=\"http:\/\/www.kiiltomato.net\/elizabeth-harrower-tietyissa-piireissa\/\" target=\"_blank\" rel=\"noopener\">Kiiltomato.net<\/a><\/p>\n\n<!-- Facebook Like Button Vivacity Infotech BEGIN -->\n<fb:like href=\"https:\/\/fabriikki8.fi\/wordpress\/kustannus\/elizabeth-harrower-tietyissa-piireissa\/\" layout=\"button_count\" show_faces=\"false\" width=\"450\" action=\"like\" colorscheme=\"light\"><\/fb:like>\n<!-- Facebook Like Button Vivacity Infotech END -->\n","protected":false},"excerpt":{"rendered":"<p>Tyylik\u00e4s psykologinen tutkielma Australian seurapiireist\u00e4 1970-luvulla Howardien perhe el\u00e4\u00e4 ylt\u00e4kyll\u00e4isen etuoikeutettua ja itseriittoista el\u00e4m\u00e4\u00e4 Sydneyn hienostoalueella. Perheen valveutunut poika Russell tuo mukanaan taloon orposisarukset Annan ja Stephenin, jotka tulevat aivan toisenlaisista oloista. Seitsem\u00e4ntoistavuotiasta Zoe Howardia ei ole koskaan aikaisemmin uskallettu kyseenalaistaa, ja tyt\u00f6n maailma j\u00e4rkkyy lopullisesti. Elizabeth Harrowerin\u00a0Tietyiss\u00e4 piireiss\u00e4\u00a0(In Certain Circles, 2014)\u00a0on viilt\u00e4v\u00e4n hillitty psykologinen&#8230;<\/p>\n","protected":false},"author":1,"featured_media":0,"parent":610,"menu_order":0,"comment_status":"closed","ping_status":"closed","template":"","meta":{"footnotes":""},"class_list":["post-980","page","type-page","status-publish","hentry","page-entry","loop-entry clr"],"_links":{"self":[{"href":"https:\/\/fabriikki8.fi\/wordpress\/wp-json\/wp\/v2\/pages\/980","targetHints":{"allow":["GET"]}}],"collection":[{"href":"https:\/\/fabriikki8.fi\/wordpress\/wp-json\/wp\/v2\/pages"}],"about":[{"href":"https:\/\/fabriikki8.fi\/wordpress\/wp-json\/wp\/v2\/types\/page"}],"author":[{"embeddable":true,"href":"https:\/\/fabriikki8.fi\/wordpress\/wp-json\/wp\/v2\/users\/1"}],"replies":[{"embeddable":true,"href":"https:\/\/fabriikki8.fi\/wordpress\/wp-json\/wp\/v2\/comments?post=980"}],"version-history":[{"count":3,"href":"https:\/\/fabriikki8.fi\/wordpress\/wp-json\/wp\/v2\/pages\/980\/revisions"}],"predecessor-version":[{"id":1281,"href":"https:\/\/fabriikki8.fi\/wordpress\/wp-json\/wp\/v2\/pages\/980\/revisions\/1281"}],"up":[{"embeddable":true,"href":"https:\/\/fabriikki8.fi\/wordpress\/wp-json\/wp\/v2\/pages\/610"}],"wp:attachment":[{"href":"https:\/\/fabriikki8.fi\/wordpress\/wp-json\/wp\/v2\/media?parent=980"}],"curies":[{"name":"wp","href":"https:\/\/api.w.org\/{rel}","templated":true}]}}