{"id":970,"date":"2017-12-05T12:00:24","date_gmt":"2017-12-05T10:00:24","guid":{"rendered":"http:\/\/fabriikki8.fi\/?page_id=970"},"modified":"2023-02-20T14:21:52","modified_gmt":"2023-02-20T12:21:52","slug":"katlin-kaldmaa-islannissa-ei-ole-perhosia","status":"publish","type":"page","link":"https:\/\/fabriikki8.fi\/wordpress\/kustannus\/katlin-kaldmaa-islannissa-ei-ole-perhosia\/","title":{"rendered":"K\u00e4tlin Kaldmaa: Islannissa ei ole perhosia"},"content":{"rendered":"<div id=\"attachment_913\" style=\"width: 208px\" class=\"wp-caption alignleft\"><a href=\"https:\/\/fabriikki8.fi\/wordpress\/wp-content\/uploads\/2015\/10\/Islannissa-ei-ole-perhosia_kansi.png\" rel=\"attachment wp-att-913\"><img loading=\"lazy\" decoding=\"async\" aria-describedby=\"caption-attachment-913\" class=\"wp-image-913 size-medium\" src=\"https:\/\/fabriikki8.fi\/wordpress\/wp-content\/uploads\/2015\/10\/Islannissa-ei-ole-perhosia_kansi-198x300.png\" alt=\"Islannissa ei ole perhosia\" width=\"198\" height=\"300\" srcset=\"https:\/\/fabriikki8.fi\/wordpress\/wp-content\/uploads\/2015\/10\/Islannissa-ei-ole-perhosia_kansi-198x300.png 198w, https:\/\/fabriikki8.fi\/wordpress\/wp-content\/uploads\/2015\/10\/Islannissa-ei-ole-perhosia_kansi-768x1167.png 768w, https:\/\/fabriikki8.fi\/wordpress\/wp-content\/uploads\/2015\/10\/Islannissa-ei-ole-perhosia_kansi-674x1024.png 674w, https:\/\/fabriikki8.fi\/wordpress\/wp-content\/uploads\/2015\/10\/Islannissa-ei-ole-perhosia_kansi-99x150.png 99w, https:\/\/fabriikki8.fi\/wordpress\/wp-content\/uploads\/2015\/10\/Islannissa-ei-ole-perhosia_kansi.png 844w\" sizes=\"auto, (max-width: 198px) 100vw, 198px\" \/><\/a><p id=\"caption-attachment-913\" class=\"wp-caption-text\"><strong>K\u00e4tlin Kaldmaa<\/strong>:\u00a0<em>Islannissa ei ole perhosia<\/em>\u00a0(<em>Islandil ei ole liblikaid<\/em>, 2013). Suom.\u00a0<strong>Outi Hyt\u00f6nen<\/strong>. ISBN 978-952-68456-6-1, 352 s., nid.<\/p><\/div>\n<p class=\"western\"><strong>Runollinen sukusaaga karunkauniista Islannista<\/strong><\/p>\n<p class=\"western\">Saari on karu, kaunis ja arvaamaton, ja sille nousevassa valkoisessa talossa asuu vuosisadallinen naisia, miehi\u00e4 ja lapsia, jotka sukupolvi toisensa j\u00e4lkeen rakastuvat, rakastavat, kapuavat yli vuorten, katoavat vuonoille, purjehtivat merten taakse, kertovat tarinoita ja kimmelt\u00e4v\u00e4t hankien keskell\u00e4 kuin hopeiset suomut rantahiekalla.<\/p>\n<p class=\"western\"><em>Islannissa ei ole perhosia<\/em>\u00a0on\u00a0<strong>K\u00e4tlin Kaldmaan<\/strong>\u00a0ensimm\u00e4inen suomennettu romaani. Se on typografialla ilotteleva runollinen saaga kirpe\u00e4nkauniista Islannista.<\/p>\n<p class=\"western\">Kaldmaa (s. 1970) on virolainen kirjailija, k\u00e4\u00e4nt\u00e4j\u00e4, Viron PENin puheenjohtaja ja PEN Internationalin kansainv\u00e4linen sihteeri, joka on asunut Berliiniss\u00e4, Islannissa, Barcelonassa ja Kreikan saarilla ja jolle koko maailma on koti.<\/p>\n<p class=\"western\"><em>Islannissa ei ole perhosia<\/em>\u00a0on osa trilogiaa, johon kuuluvat romaanin lis\u00e4ksi runoteos\u00a0<em>Rakkauden aakkoset<\/em>\u00a0(<em>Armastuse t\u00e4hestik<\/em>\u00a02012, suom.\u00a0<strong>Anniina Ljokkoi<\/strong>, Savukeidas 2015) ja lastenkirja\u00a0<em>Lugu Keegi Eikellegit\u00fctre isast<\/em>\u00a0(2012). Kaldmaan teoksia on k\u00e4\u00e4nnetty 20 kielelle.<\/p>\n<p class=\"western\"><a href=\"https:\/\/holvi.com\/shop\/fabriikki8\/product\/2977340e8c8742fa9056e3229cb4eb82\/\" target=\"_blank\" rel=\"noopener\">Osta verkkokaupasta<\/a><\/p>\n<p class=\"western\">Teoksesta muualla:<\/p>\n<p class=\"western\"><a href=\"http:\/\/www.ksml.fi\/kulttuuri\/Kirja-arvio-Valkoisen-talon-kaihoisa-ja-lumoava-sukusaaga\/1032416\" target=\"_blank\" rel=\"noopener\">Valkoisen talon kaihoisa ja lumoava sukusaaga<\/a>\u00a0&#8211; Keskisuomalainen, 24.8.2017<br \/>\n<a href=\"http:\/\/marissamehr.com\/2017\/08\/31\/katlin-kaldmaa-islannissa-ei-ole-perhosia-fabriikki\/\" target=\"_blank\" rel=\"noopener\">caf\u00e9 pour les idiots -blogi<\/a><br \/>\n<a href=\"https:\/\/luminenomena.blogspot.fi\/2017\/09\/katlin-kaldmaa-islannissa-ei-ole.html\" target=\"_blank\" rel=\"noopener\">Lumiomena-blogi<br \/>\n<\/a><a href=\"https:\/\/mummomatkalla.blogspot.fi\/2017\/09\/katlin-kaldmaa-islannissa-ei-ole.html\" target=\"_blank\" rel=\"noopener\">Mummo matkalla -blogi<br \/>\n<\/a><a href=\"https:\/\/fabriikki8.fi\/wordpress\/wp-content\/uploads\/2017\/12\/Elo-5_2017.pdf\" rel=\"\">Elo-lehti<\/a> 5\/2017<a href=\"https:\/\/mummomatkalla.blogspot.fi\/2017\/09\/katlin-kaldmaa-islannissa-ei-ole.html\" target=\"_blank\" rel=\"noopener\"><br \/>\n<\/a><a href=\"http:\/\/taysiensivujennautinto.blogspot.fi\/2017\/11\/katlin-kaldmaa-islannissa-ei-ole.html\" target=\"_blank\" rel=\"noopener\">T\u00e4ysien sivujen nautinto -blogi<br \/>\n<\/a><a href=\"http:\/\/tekstiluola.blogspot.fi\/2018\/01\/katlin-kaldmaa-islannissa-ei-ole.html\" target=\"_blank\" rel=\"noopener\">Tekstiluola-blogi<br \/>\n<\/a><a href=\"https:\/\/suomenkuvalehti.fi\/kirjailijanpaivakirja\/sukuromaanin-rivit-ratkeilevat-islanti-pysyy-lohikaarmesaarena\/?shared=1080-540e3c30-999\" target=\"_blank\" rel=\"noopener\">Kirjailijan p\u00e4iv\u00e4kirja<br \/>\n<\/a><a href=\"https:\/\/suomenkuvalehti.fi\/kirjailijanpaivakirja\/sukuromaanin-rivit-ratkeilevat-islanti-pysyy-lohikaarmesaarena\/\" target=\"_blank\" rel=\"noopener\">Mit\u00e4 luimme kerran -blogi<br \/>\nAutenttisuudella ei ole merkityst\u00e4, autenttisuuden kokemuksella on:<\/a> Kirjailijan p\u00e4iv\u00e4kirja -blogi<br \/>\n<a href=\"http:\/\/kymmeneskirjain.blogspot.com\/2018\/09\/katlin-kaldmaa-islannissa-ei-ole.html\" target=\"_blank\" rel=\"noopener\">Kymmenes kirjain -blogi<\/a><br \/>\n<a href=\"http:\/\/readerwhydidimarryhim.blogspot.com\/2019\/02\/saagaperinne-uusiksi-katlin-kaldmaa.html\">Saagaperinne uusiksi:<\/a> Reader, why did I marry him -blogi<\/p>\n<p class=\"western\">Jokaisen Fabriikki Kustannuksen julkaiseman kirjan lopusta\u00a0on\u00a0syksyst\u00e4 2017 alkaen\u00a0l\u00f6ytynyt lyhyt suosituslista. Listoille valitaan suomennettua kaunokirjallisuutta, joka tavalla tai toisella keskustelee Fabriikin julkaiseman teoksen kanssa. <em>Islannissa ei ole perhosia<\/em>\u00a0-teoksen lopusta l\u00f6ytyv\u00e4n listan voi nyt ladata talteen t\u00e4\u00e4lt\u00e4: <a href=\"https:\/\/fabriikki8.fi\/wordpress\/wp-content\/uploads\/2017\/12\/islannissa-ei-ole-perhosia_suosituslistat.pdf\" rel=\"\">Kirjasuositukset<\/a><\/p>\n\n<!-- Facebook Like Button Vivacity Infotech BEGIN -->\n<fb:like href=\"https:\/\/fabriikki8.fi\/wordpress\/kustannus\/katlin-kaldmaa-islannissa-ei-ole-perhosia\/\" layout=\"button_count\" show_faces=\"false\" width=\"450\" action=\"like\" colorscheme=\"light\"><\/fb:like>\n<!-- Facebook Like Button Vivacity Infotech END -->\n","protected":false},"excerpt":{"rendered":"<p>Runollinen sukusaaga karunkauniista Islannista Saari on karu, kaunis ja arvaamaton, ja sille nousevassa valkoisessa talossa asuu vuosisadallinen naisia, miehi\u00e4 ja lapsia, jotka sukupolvi toisensa j\u00e4lkeen rakastuvat, rakastavat, kapuavat yli vuorten, katoavat vuonoille, purjehtivat merten taakse, kertovat tarinoita ja kimmelt\u00e4v\u00e4t hankien keskell\u00e4 kuin hopeiset suomut rantahiekalla. Islannissa ei ole perhosia\u00a0on\u00a0K\u00e4tlin Kaldmaan\u00a0ensimm\u00e4inen suomennettu romaani. Se on typografialla&#8230;<\/p>\n","protected":false},"author":1,"featured_media":0,"parent":610,"menu_order":0,"comment_status":"closed","ping_status":"closed","template":"","meta":{"footnotes":""},"class_list":["post-970","page","type-page","status-publish","hentry","page-entry","loop-entry clr"],"_links":{"self":[{"href":"https:\/\/fabriikki8.fi\/wordpress\/wp-json\/wp\/v2\/pages\/970","targetHints":{"allow":["GET"]}}],"collection":[{"href":"https:\/\/fabriikki8.fi\/wordpress\/wp-json\/wp\/v2\/pages"}],"about":[{"href":"https:\/\/fabriikki8.fi\/wordpress\/wp-json\/wp\/v2\/types\/page"}],"author":[{"embeddable":true,"href":"https:\/\/fabriikki8.fi\/wordpress\/wp-json\/wp\/v2\/users\/1"}],"replies":[{"embeddable":true,"href":"https:\/\/fabriikki8.fi\/wordpress\/wp-json\/wp\/v2\/comments?post=970"}],"version-history":[{"count":13,"href":"https:\/\/fabriikki8.fi\/wordpress\/wp-json\/wp\/v2\/pages\/970\/revisions"}],"predecessor-version":[{"id":1291,"href":"https:\/\/fabriikki8.fi\/wordpress\/wp-json\/wp\/v2\/pages\/970\/revisions\/1291"}],"up":[{"embeddable":true,"href":"https:\/\/fabriikki8.fi\/wordpress\/wp-json\/wp\/v2\/pages\/610"}],"wp:attachment":[{"href":"https:\/\/fabriikki8.fi\/wordpress\/wp-json\/wp\/v2\/media?parent=970"}],"curies":[{"name":"wp","href":"https:\/\/api.w.org\/{rel}","templated":true}]}}