{"id":504,"date":"2015-01-20T16:59:56","date_gmt":"2015-01-20T14:59:56","guid":{"rendered":"http:\/\/fabriikki8.fi\/?page_id=504"},"modified":"2022-10-18T12:32:58","modified_gmt":"2022-10-18T09:32:58","slug":"tilan-vuokraus","status":"publish","type":"page","link":"https:\/\/fabriikki8.fi\/wordpress\/tilan-vuokraus\/","title":{"rendered":"Tilan vuokraus"},"content":{"rendered":"<p><strong>J\u00c4RJEST\u00c4 TAPAHTUMASI STUDIO FONISSA<\/strong><\/p>\n<p>Osuuskunta Fabriikki 8 vuokraa Nahkurinkadulla sek\u00e4 valokuvastudiota ett\u00e4 kaunista, valoisaa salia juhla- ja tapahtumak\u00e4ytt\u00f6\u00f6n.<\/p>\n<p>Studio Fonin 97-neli\u00f6isess\u00e4 salissa\u00a0j\u00e4rjestet\u00e4\u00e4n s\u00e4\u00e4nn\u00f6llisesti jooga- ja burleskitunteja, tanssity\u00f6pajoja yms. Sinun tapahtumasi sopii\u00a0varmasti joukkoon!<\/p>\n<p>My\u00f6s valokuvastudiota voi vuokrata omia kuvauksia varten. Studiossamme on tiett\u00e4v\u00e4sti Turun suurin kiinte\u00e4rakenteinen valokuvaustausta eli cyclorama ja mahdollista kuvata sek\u00e4 luonnonvalossa ett\u00e4 studiovaloja k\u00e4ytt\u00e4en. Studiossa voi toteuttaa niin tuote-, ryhm\u00e4-, muoto- kuin el\u00e4inkuvauksiakin.<\/p>\n<p>Tarkemmat hinnastot tulossa pian, ota yhteytt\u00e4 ja pyyd\u00e4 tarjous! My\u00f6s lis\u00e4tietoa salin ja studion varustelusta saa Julialta:<\/p>\n<p><span style=\"font-weight: 600; color: #000000;\">Julia Neganova. Yhteydenotot s-postilla:<br \/>\n<span style=\"font-weight: inherit; font-style: inherit;\">julia.neganova.26@gmail.com<\/span><\/span><\/p>\n<p>Interested in renting our beautiful hall for an event, a private function or a workshop? Contact Julia\u00a0\u2191!<\/p>\n<p><a href=\"https:\/\/fabriikki8.fi\/wordpress\/wp-content\/uploads\/2015\/01\/studio-fon_sali.jpg\"><img loading=\"lazy\" decoding=\"async\" class=\"alignleft wp-image-597\" src=\"https:\/\/fabriikki8.fi\/wordpress\/wp-content\/uploads\/2015\/01\/studio-fon_sali-1024x682.jpg\" alt=\"studio fon_sali\" width=\"800\" height=\"533\" srcset=\"https:\/\/fabriikki8.fi\/wordpress\/wp-content\/uploads\/2015\/01\/studio-fon_sali-1024x682.jpg 1024w, https:\/\/fabriikki8.fi\/wordpress\/wp-content\/uploads\/2015\/01\/studio-fon_sali-300x200.jpg 300w, https:\/\/fabriikki8.fi\/wordpress\/wp-content\/uploads\/2015\/01\/studio-fon_sali-150x100.jpg 150w\" sizes=\"auto, (max-width: 800px) 100vw, 800px\" \/><\/a><\/p>\n\n<!-- Facebook Like Button Vivacity Infotech BEGIN -->\n<fb:like href=\"https:\/\/fabriikki8.fi\/wordpress\/tilan-vuokraus\/\" layout=\"button_count\" show_faces=\"false\" width=\"450\" action=\"like\" colorscheme=\"light\"><\/fb:like>\n<!-- Facebook Like Button Vivacity Infotech END -->\n","protected":false},"excerpt":{"rendered":"<p>J\u00c4RJEST\u00c4 TAPAHTUMASI STUDIO FONISSA Osuuskunta Fabriikki 8 vuokraa Nahkurinkadulla sek\u00e4 valokuvastudiota ett\u00e4 kaunista, valoisaa salia juhla- ja tapahtumak\u00e4ytt\u00f6\u00f6n. Studio Fonin 97-neli\u00f6isess\u00e4 salissa\u00a0j\u00e4rjestet\u00e4\u00e4n s\u00e4\u00e4nn\u00f6llisesti jooga- ja burleskitunteja, tanssity\u00f6pajoja yms. Sinun tapahtumasi sopii\u00a0varmasti joukkoon! My\u00f6s valokuvastudiota voi vuokrata omia kuvauksia varten. Studiossamme on tiett\u00e4v\u00e4sti Turun suurin kiinte\u00e4rakenteinen valokuvaustausta eli cyclorama ja mahdollista kuvata sek\u00e4 luonnonvalossa ett\u00e4 studiovaloja&#8230;<\/p>\n","protected":false},"author":1,"featured_media":0,"parent":0,"menu_order":0,"comment_status":"closed","ping_status":"closed","template":"templates\/fullwidth.php","meta":{"footnotes":""},"class_list":["post-504","page","type-page","status-publish","hentry","page-entry","loop-entry clr"],"_links":{"self":[{"href":"https:\/\/fabriikki8.fi\/wordpress\/wp-json\/wp\/v2\/pages\/504","targetHints":{"allow":["GET"]}}],"collection":[{"href":"https:\/\/fabriikki8.fi\/wordpress\/wp-json\/wp\/v2\/pages"}],"about":[{"href":"https:\/\/fabriikki8.fi\/wordpress\/wp-json\/wp\/v2\/types\/page"}],"author":[{"embeddable":true,"href":"https:\/\/fabriikki8.fi\/wordpress\/wp-json\/wp\/v2\/users\/1"}],"replies":[{"embeddable":true,"href":"https:\/\/fabriikki8.fi\/wordpress\/wp-json\/wp\/v2\/comments?post=504"}],"version-history":[{"count":16,"href":"https:\/\/fabriikki8.fi\/wordpress\/wp-json\/wp\/v2\/pages\/504\/revisions"}],"predecessor-version":[{"id":1257,"href":"https:\/\/fabriikki8.fi\/wordpress\/wp-json\/wp\/v2\/pages\/504\/revisions\/1257"}],"wp:attachment":[{"href":"https:\/\/fabriikki8.fi\/wordpress\/wp-json\/wp\/v2\/media?parent=504"}],"curies":[{"name":"wp","href":"https:\/\/api.w.org\/{rel}","templated":true}]}}

<p><strong>JÄRJESTÄ TAPAHTUMASI STUDIO FONISSA</strong></p>
<p>Osuuskunta Fabriikki 8 vuokraa Nahkurinkadulla sekä valokuvastudiota että kaunista, valoisaa salia juhla- ja tapahtumakäyttöön.</p>
<p>Studio Fonin 97-neliöisessä salissa järjestetään säännöllisesti jooga- ja burleskitunteja, tanssityöpajoja yms. Sinun tapahtumasi sopii varmasti joukkoon!</p>
<p>Myös valokuvastudiota voi vuokrata omia kuvauksia varten. Studiossamme on tiettävästi Turun suurin kiinteärakenteinen valokuvaustausta eli cyclorama ja mahdollista kuvata sekä luonnonvalossa että studiovaloja käyttäen. Studiossa voi toteuttaa niin tuote-, ryhmä-, muoto- kuin eläinkuvauksiakin.</p>
<p>Tarkemmat hinnastot tulossa pian, ota yhteyttä ja pyydä tarjous! Myös lisätietoa salin ja studion varustelusta saa Julialta:</p>
<p><span style="font-weight: 600; color: #000000;">Julia Neganova. Yhteydenotot s-postilla:<br />
<span style="font-weight: inherit; font-style: inherit;">julia.neganova.26@gmail.com</span></span></p>
<p>Interested in renting our beautiful hall for an event, a private function or a workshop? Contact Julia ↑!</p>
<p><a href="https://fabriikki8.fi/wordpress/wp-content/uploads/2015/01/studio-fon_sali.jpg"><img loading="lazy" decoding="async" class="alignleft wp-image-597" src="https://fabriikki8.fi/wordpress/wp-content/uploads/2015/01/studio-fon_sali-1024x682.jpg" alt="studio fon_sali" width="800" height="533" srcset="https://fabriikki8.fi/wordpress/wp-content/uploads/2015/01/studio-fon_sali-1024x682.jpg 1024w, https://fabriikki8.fi/wordpress/wp-content/uploads/2015/01/studio-fon_sali-300x200.jpg 300w, https://fabriikki8.fi/wordpress/wp-content/uploads/2015/01/studio-fon_sali-150x100.jpg 150w" sizes="auto, (max-width: 800px) 100vw, 800px" /></a></p>

<!-- Facebook Like Button Vivacity Infotech BEGIN -->
<fb:like href="https://fabriikki8.fi/wordpress/tilan-vuokraus/" layout="button_count" show_faces="false" width="450" action="like" colorscheme="light"></fb:like>
<!-- Facebook Like Button Vivacity Infotech END -->

<p>JÄRJESTÄ TAPAHTUMASI STUDIO FONISSA Osuuskunta Fabriikki 8 vuokraa Nahkurinkadulla sekä valokuvastudiota että kaunista, valoisaa salia juhla- ja tapahtumakäyttöön. Studio Fonin 97-neliöisessä salissa järjestetään säännöllisesti jooga- ja burleskitunteja, tanssityöpajoja yms. Sinun tapahtumasi sopii varmasti joukkoon! Myös valokuvastudiota voi vuokrata omia kuvauksia varten. Studiossamme on tiettävästi Turun suurin kiinteärakenteinen valokuvaustausta eli cyclorama ja mahdollista kuvata sekä luonnonvalossa että studiovaloja&#8230;</p>
