{"id":165,"date":"2014-05-08T02:40:38","date_gmt":"2014-05-07T23:40:38","guid":{"rendered":"http:\/\/fabriikki8.fi\/?page_id=165"},"modified":"2026-04-14T09:09:49","modified_gmt":"2026-04-14T06:09:49","slug":"vaatesuunnittelu","status":"publish","type":"page","link":"https:\/\/fabriikki8.fi\/wordpress\/staff\/vaatesuunnittelu\/","title":{"rendered":"Vaate- ja tekstiilisuunnittelu"},"content":{"rendered":"\n<p>Erilaisten vaatteisiin ja tekstiileihin&nbsp;liittyvien palveluiden asiantuntemus on se, mist\u00e4 osuuskuntamme alunperin sai alkunsa. Tekstiilialan asiantuntijuutemme on vahvaa ja monipuolista, ja meill\u00e4 on n\u00e4ytt\u00f6\u00e4 sek\u00e4 tekij\u00f6it\u00e4 kaikissa seuraavissa:<\/p>\n\n\n\n<ul class=\"wp-block-list\">\n<li><strong>p<\/strong><strong>uvustukset teatteri- ja muihin esityksiin<\/strong><\/li>\n\n\n\n<li><strong>pukusuunnittelu, mallistot, tilausty\u00f6t<\/strong><\/li>\n\n\n\n<li><strong>vaatteiden ja asusteiden valmistaminen, alihankintaompelu, korjausompelu<\/strong><\/li>\n\n\n\n<li><strong>vaatteiden (erityisesti naisten juhlapukujen) muodistus tai kustomointi, stailaus<\/strong><\/li>\n\n\n\n<li><strong>tekstiilisuunnittelu, kuosien ja printtien suunnittelu<\/strong><\/li>\n\n\n\n<li><strong>kierr\u00e4tysvaatteet ja kierr\u00e4tystekstiilit<\/strong><\/li>\n\n\n\n<li><strong>villakangastakit<\/strong><\/li>\n<\/ul>\n\n\n\n<p>Vaatetuspalvelun tarpeessa yhteytt\u00e4 voi ottaa joko fabriikki8 (a) gmail.com tai suoraan tekij\u00f6ihin:<\/p>\n\n\n<div class=\"wp-block-image is-style-rounded\">\n<figure class=\"alignleft\"><a href=\"https:\/\/fabriikki8.fi\/wordpress\/portfolio-item\/essi-kotaviita\/\"><img loading=\"lazy\" decoding=\"async\" width=\"236\" height=\"300\" src=\"https:\/\/fabriikki8.fi\/wordpress\/wp-content\/uploads\/2014\/05\/essi_kotaviita_pysty-236x300.jpg\" alt=\"essi_kotaviita_pysty\" class=\"wp-image-1063\" srcset=\"https:\/\/fabriikki8.fi\/wordpress\/wp-content\/uploads\/2014\/05\/essi_kotaviita_pysty-236x300.jpg 236w, https:\/\/fabriikki8.fi\/wordpress\/wp-content\/uploads\/2014\/05\/essi_kotaviita_pysty-118x150.jpg 118w, https:\/\/fabriikki8.fi\/wordpress\/wp-content\/uploads\/2014\/05\/essi_kotaviita_pysty.jpg 395w\" sizes=\"auto, (max-width: 236px) 100vw, 236px\" \/><\/a><figcaption class=\"wp-element-caption\">Essi Kotaviita, essi.kotaviita (a) gmail.com, villakangastakit, mallistot, korjausompelu, juhla-asujen muokkaus ja muodistus<\/figcaption><\/figure>\n<\/div>\n\n<div class=\"wp-block-image is-style-rounded\">\n<figure class=\"alignleft size-medium\"><img loading=\"lazy\" decoding=\"async\" width=\"225\" height=\"300\" src=\"https:\/\/fabriikki8.fi\/wordpress\/wp-content\/uploads\/2015\/01\/Eve-kuva-osk-nettisivuille-225x300.jpg\" alt=\"Eveliina Tamminen\" class=\"wp-image-1375\" srcset=\"https:\/\/fabriikki8.fi\/wordpress\/wp-content\/uploads\/2015\/01\/Eve-kuva-osk-nettisivuille-225x300.jpg 225w, https:\/\/fabriikki8.fi\/wordpress\/wp-content\/uploads\/2015\/01\/Eve-kuva-osk-nettisivuille-768x1024.jpg 768w, https:\/\/fabriikki8.fi\/wordpress\/wp-content\/uploads\/2015\/01\/Eve-kuva-osk-nettisivuille-1152x1536.jpg 1152w, https:\/\/fabriikki8.fi\/wordpress\/wp-content\/uploads\/2015\/01\/Eve-kuva-osk-nettisivuille-1536x2048.jpg 1536w, https:\/\/fabriikki8.fi\/wordpress\/wp-content\/uploads\/2015\/01\/Eve-kuva-osk-nettisivuille-113x150.jpg 113w, https:\/\/fabriikki8.fi\/wordpress\/wp-content\/uploads\/2015\/01\/Eve-kuva-osk-nettisivuille-scaled.jpg 1920w\" sizes=\"auto, (max-width: 225px) 100vw, 225px\" \/><figcaption class=\"wp-element-caption\"><a href=\"https:\/\/fabriikki8.fi\/wordpress\/portfolio-item\/eveliina-rahja\/\">Eveliina Tamminen, eveliina.m.m.tamminen (a) gmail.com, mallistot, kierr\u00e4tysvaatteet, korjausompelu, puvustukset<\/a><\/figcaption><\/figure>\n<\/div>\n\n<div class=\"wp-block-image is-style-rounded\">\n<figure class=\"alignleft size-medium\"><img loading=\"lazy\" decoding=\"async\" width=\"225\" height=\"300\" src=\"https:\/\/fabriikki8.fi\/wordpress\/wp-content\/uploads\/2024\/10\/tricen-pieni-225x300.jpg\" alt=\"Tricen Takalo\" class=\"wp-image-1380\" srcset=\"https:\/\/fabriikki8.fi\/wordpress\/wp-content\/uploads\/2024\/10\/tricen-pieni-225x300.jpg 225w, https:\/\/fabriikki8.fi\/wordpress\/wp-content\/uploads\/2024\/10\/tricen-pieni-768x1024.jpg 768w, https:\/\/fabriikki8.fi\/wordpress\/wp-content\/uploads\/2024\/10\/tricen-pieni-1152x1536.jpg 1152w, https:\/\/fabriikki8.fi\/wordpress\/wp-content\/uploads\/2024\/10\/tricen-pieni-113x150.jpg 113w, https:\/\/fabriikki8.fi\/wordpress\/wp-content\/uploads\/2024\/10\/tricen-pieni.jpg 1200w\" sizes=\"auto, (max-width: 225px) 100vw, 225px\" \/><figcaption class=\"wp-element-caption\"><a href=\"https:\/\/fabriikki8.fi\/wordpress\/portfolio-item\/vaateompelija-tricen-takalo\/\" target=\"_blank\" rel=\"noreferrer noopener\">Tricen Takalo, ompelimott (a) gmail.com, vaateompelu, alihankintaompelu, kaavoitus<\/a><\/figcaption><\/figure>\n<\/div>\n\n<div class=\"wp-block-image is-style-rounded\">\n<figure class=\"alignleft size-medium\"><img loading=\"lazy\" decoding=\"async\" width=\"212\" height=\"300\" src=\"https:\/\/fabriikki8.fi\/wordpress\/wp-content\/uploads\/2017\/03\/JuliaMannistoPortrait-212x300.jpg\" alt=\"Julia M\u00e4nnist\u00f6\" class=\"wp-image-870\" srcset=\"https:\/\/fabriikki8.fi\/wordpress\/wp-content\/uploads\/2017\/03\/JuliaMannistoPortrait-212x300.jpg 212w, https:\/\/fabriikki8.fi\/wordpress\/wp-content\/uploads\/2017\/03\/JuliaMannistoPortrait-768x1086.jpg 768w, https:\/\/fabriikki8.fi\/wordpress\/wp-content\/uploads\/2017\/03\/JuliaMannistoPortrait-724x1024.jpg 724w, https:\/\/fabriikki8.fi\/wordpress\/wp-content\/uploads\/2017\/03\/JuliaMannistoPortrait-106x150.jpg 106w\" sizes=\"auto, (max-width: 212px) 100vw, 212px\" \/><figcaption class=\"wp-element-caption\"><a href=\"https:\/\/fabriikki8.fi\/wordpress\/portfolio-item\/vaatesuunnittelija-julia-mannisto\/\" target=\"_blank\" rel=\"noreferrer noopener\">Julia M\u00e4nnist\u00f6, julia (a) mannisto.co, vaatesuunnittelu<\/a><\/figcaption><\/figure>\n<\/div>\n\n\n<div class=\"mceTemp\">&nbsp;<\/div>\n\n<!-- Facebook Like Button Vivacity Infotech BEGIN -->\n<fb:like href=\"https:\/\/fabriikki8.fi\/wordpress\/staff\/vaatesuunnittelu\/\" layout=\"button_count\" show_faces=\"false\" width=\"450\" action=\"like\" colorscheme=\"light\"><\/fb:like>\n<!-- Facebook Like Button Vivacity Infotech END -->\n","protected":false},"excerpt":{"rendered":"<p>Erilaisten vaatteisiin ja tekstiileihin&nbsp;liittyvien palveluiden asiantuntemus on se, mist\u00e4 osuuskuntamme alunperin sai alkunsa. Tekstiilialan asiantuntijuutemme on vahvaa ja monipuolista, ja meill\u00e4 on n\u00e4ytt\u00f6\u00e4 sek\u00e4 tekij\u00f6it\u00e4 kaikissa seuraavissa: Vaatetuspalvelun tarpeessa yhteytt\u00e4 voi ottaa joko fabriikki8 (a) gmail.com tai suoraan tekij\u00f6ihin: &nbsp;<\/p>\n","protected":false},"author":1,"featured_media":0,"parent":54,"menu_order":0,"comment_status":"closed","ping_status":"closed","template":"templates\/fullwidth.php","meta":{"footnotes":""},"class_list":["post-165","page","type-page","status-publish","hentry","page-entry","loop-entry clr"],"_links":{"self":[{"href":"https:\/\/fabriikki8.fi\/wordpress\/wp-json\/wp\/v2\/pages\/165","targetHints":{"allow":["GET"]}}],"collection":[{"href":"https:\/\/fabriikki8.fi\/wordpress\/wp-json\/wp\/v2\/pages"}],"about":[{"href":"https:\/\/fabriikki8.fi\/wordpress\/wp-json\/wp\/v2\/types\/page"}],"author":[{"embeddable":true,"href":"https:\/\/fabriikki8.fi\/wordpress\/wp-json\/wp\/v2\/users\/1"}],"replies":[{"embeddable":true,"href":"https:\/\/fabriikki8.fi\/wordpress\/wp-json\/wp\/v2\/comments?post=165"}],"version-history":[{"count":9,"href":"https:\/\/fabriikki8.fi\/wordpress\/wp-json\/wp\/v2\/pages\/165\/revisions"}],"predecessor-version":[{"id":1398,"href":"https:\/\/fabriikki8.fi\/wordpress\/wp-json\/wp\/v2\/pages\/165\/revisions\/1398"}],"up":[{"embeddable":true,"href":"https:\/\/fabriikki8.fi\/wordpress\/wp-json\/wp\/v2\/pages\/54"}],"wp:attachment":[{"href":"https:\/\/fabriikki8.fi\/wordpress\/wp-json\/wp\/v2\/media?parent=165"}],"curies":[{"name":"wp","href":"https:\/\/api.w.org\/{rel}","templated":true}]}}

<p>Erilaisten vaatteisiin ja tekstiileihin&nbsp;liittyvien palveluiden asiantuntemus on se, mistä osuuskuntamme alunperin sai alkunsa. Tekstiilialan asiantuntijuutemme on vahvaa ja monipuolista, ja meillä on näyttöä sekä tekijöitä kaikissa seuraavissa:</p>



<ul class="wp-block-list">
<li><strong>p</strong><strong>uvustukset teatteri- ja muihin esityksiin</strong></li>



<li><strong>pukusuunnittelu, mallistot, tilaustyöt</strong></li>



<li><strong>vaatteiden ja asusteiden valmistaminen, alihankintaompelu, korjausompelu</strong></li>



<li><strong>vaatteiden (erityisesti naisten juhlapukujen) muodistus tai kustomointi, stailaus</strong></li>



<li><strong>tekstiilisuunnittelu, kuosien ja printtien suunnittelu</strong></li>



<li><strong>kierrätysvaatteet ja kierrätystekstiilit</strong></li>



<li><strong>villakangastakit</strong></li>
</ul>



<p>Vaatetuspalvelun tarpeessa yhteyttä voi ottaa joko fabriikki8 (a) gmail.com tai suoraan tekijöihin:</p>


<div class="wp-block-image is-style-rounded">
<figure class="alignleft"><a href="https://fabriikki8.fi/wordpress/portfolio-item/essi-kotaviita/"><img loading="lazy" decoding="async" width="236" height="300" src="https://fabriikki8.fi/wordpress/wp-content/uploads/2014/05/essi_kotaviita_pysty-236x300.jpg" alt="essi_kotaviita_pysty" class="wp-image-1063" srcset="https://fabriikki8.fi/wordpress/wp-content/uploads/2014/05/essi_kotaviita_pysty-236x300.jpg 236w, https://fabriikki8.fi/wordpress/wp-content/uploads/2014/05/essi_kotaviita_pysty-118x150.jpg 118w, https://fabriikki8.fi/wordpress/wp-content/uploads/2014/05/essi_kotaviita_pysty.jpg 395w" sizes="auto, (max-width: 236px) 100vw, 236px" /></a><figcaption class="wp-element-caption">Essi Kotaviita, essi.kotaviita (a) gmail.com, villakangastakit, mallistot, korjausompelu, juhla-asujen muokkaus ja muodistus</figcaption></figure>
</div>

<div class="wp-block-image is-style-rounded">
<figure class="alignleft size-medium"><img loading="lazy" decoding="async" width="225" height="300" src="https://fabriikki8.fi/wordpress/wp-content/uploads/2015/01/Eve-kuva-osk-nettisivuille-225x300.jpg" alt="Eveliina Tamminen" class="wp-image-1375" srcset="https://fabriikki8.fi/wordpress/wp-content/uploads/2015/01/Eve-kuva-osk-nettisivuille-225x300.jpg 225w, https://fabriikki8.fi/wordpress/wp-content/uploads/2015/01/Eve-kuva-osk-nettisivuille-768x1024.jpg 768w, https://fabriikki8.fi/wordpress/wp-content/uploads/2015/01/Eve-kuva-osk-nettisivuille-1152x1536.jpg 1152w, https://fabriikki8.fi/wordpress/wp-content/uploads/2015/01/Eve-kuva-osk-nettisivuille-1536x2048.jpg 1536w, https://fabriikki8.fi/wordpress/wp-content/uploads/2015/01/Eve-kuva-osk-nettisivuille-113x150.jpg 113w, https://fabriikki8.fi/wordpress/wp-content/uploads/2015/01/Eve-kuva-osk-nettisivuille-scaled.jpg 1920w" sizes="auto, (max-width: 225px) 100vw, 225px" /><figcaption class="wp-element-caption"><a href="https://fabriikki8.fi/wordpress/portfolio-item/eveliina-rahja/">Eveliina Tamminen, eveliina.m.m.tamminen (a) gmail.com, mallistot, kierrätysvaatteet, korjausompelu, puvustukset</a></figcaption></figure>
</div>

<div class="wp-block-image is-style-rounded">
<figure class="alignleft size-medium"><img loading="lazy" decoding="async" width="225" height="300" src="https://fabriikki8.fi/wordpress/wp-content/uploads/2024/10/tricen-pieni-225x300.jpg" alt="Tricen Takalo" class="wp-image-1380" srcset="https://fabriikki8.fi/wordpress/wp-content/uploads/2024/10/tricen-pieni-225x300.jpg 225w, https://fabriikki8.fi/wordpress/wp-content/uploads/2024/10/tricen-pieni-768x1024.jpg 768w, https://fabriikki8.fi/wordpress/wp-content/uploads/2024/10/tricen-pieni-1152x1536.jpg 1152w, https://fabriikki8.fi/wordpress/wp-content/uploads/2024/10/tricen-pieni-113x150.jpg 113w, https://fabriikki8.fi/wordpress/wp-content/uploads/2024/10/tricen-pieni.jpg 1200w" sizes="auto, (max-width: 225px) 100vw, 225px" /><figcaption class="wp-element-caption"><a href="https://fabriikki8.fi/wordpress/portfolio-item/vaateompelija-tricen-takalo/" target="_blank" rel="noreferrer noopener">Tricen Takalo, ompelimott (a) gmail.com, vaateompelu, alihankintaompelu, kaavoitus</a></figcaption></figure>
</div>

<div class="wp-block-image is-style-rounded">
<figure class="alignleft size-medium"><img loading="lazy" decoding="async" width="212" height="300" src="https://fabriikki8.fi/wordpress/wp-content/uploads/2017/03/JuliaMannistoPortrait-212x300.jpg" alt="Julia Männistö" class="wp-image-870" srcset="https://fabriikki8.fi/wordpress/wp-content/uploads/2017/03/JuliaMannistoPortrait-212x300.jpg 212w, https://fabriikki8.fi/wordpress/wp-content/uploads/2017/03/JuliaMannistoPortrait-768x1086.jpg 768w, https://fabriikki8.fi/wordpress/wp-content/uploads/2017/03/JuliaMannistoPortrait-724x1024.jpg 724w, https://fabriikki8.fi/wordpress/wp-content/uploads/2017/03/JuliaMannistoPortrait-106x150.jpg 106w" sizes="auto, (max-width: 212px) 100vw, 212px" /><figcaption class="wp-element-caption"><a href="https://fabriikki8.fi/wordpress/portfolio-item/vaatesuunnittelija-julia-mannisto/" target="_blank" rel="noreferrer noopener">Julia Männistö, julia (a) mannisto.co, vaatesuunnittelu</a></figcaption></figure>
</div>


<div class="mceTemp">&nbsp;</div>

<!-- Facebook Like Button Vivacity Infotech BEGIN -->
<fb:like href="https://fabriikki8.fi/wordpress/staff/vaatesuunnittelu/" layout="button_count" show_faces="false" width="450" action="like" colorscheme="light"></fb:like>
<!-- Facebook Like Button Vivacity Infotech END -->

<p>Erilaisten vaatteisiin ja tekstiileihin&nbsp;liittyvien palveluiden asiantuntemus on se, mistä osuuskuntamme alunperin sai alkunsa. Tekstiilialan asiantuntijuutemme on vahvaa ja monipuolista, ja meillä on näyttöä sekä tekijöitä kaikissa seuraavissa: Vaatetuspalvelun tarpeessa yhteyttä voi ottaa joko fabriikki8 (a) gmail.com tai suoraan tekijöihin: &nbsp;</p>
