{"id":1242,"date":"2022-10-17T15:37:51","date_gmt":"2022-10-17T12:37:51","guid":{"rendered":"http:\/\/fabriikki8.fi\/?page_id=1242"},"modified":"2023-02-20T14:24:50","modified_gmt":"2023-02-20T12:24:50","slug":"zigmunds-skujins-latvialainen-domino","status":"publish","type":"page","link":"https:\/\/fabriikki8.fi\/wordpress\/kustannus\/zigmunds-skujins-latvialainen-domino\/","title":{"rendered":"Zigmunds Skuji\u0146\u0161: Latvialainen domino"},"content":{"rendered":"\n<figure class=\"wp-block-image size-large is-resized\"><img decoding=\"async\" src=\"https:\/\/fabriikki8.fi\/wordpress\/wp-content\/uploads\/2022\/10\/latvialainen-domino_etukansi.jpg\" alt=\"\" class=\"wp-image-1243\" width=\"308\" srcset=\"https:\/\/fabriikki8.fi\/wordpress\/wp-content\/uploads\/2022\/10\/latvialainen-domino_etukansi.jpg 618w, https:\/\/fabriikki8.fi\/wordpress\/wp-content\/uploads\/2022\/10\/latvialainen-domino_etukansi-198x300.jpg 198w, https:\/\/fabriikki8.fi\/wordpress\/wp-content\/uploads\/2022\/10\/latvialainen-domino_etukansi-99x150.jpg 99w\" sizes=\"(max-width: 618px) 100vw, 618px\" \/><\/figure>\n\n\n\n<p><em>Ihmisten kokoontuminen kansoiksi on Jumalan ihme. Samanlainen kuin taivaan pisaroiden kokoontuminen pilviksi tai veden muotoutuminen aalloiksi. Jos ei tied\u00e4 urkujen rakenteesta mit\u00e4\u00e4n, saattaa kuvitella, ett\u00e4 rei\u00e4t pilleiss\u00e4 ovat tarpeettomia, vaikka todellisuudessa urut soivat juuri reikien ansiosta. Maailmaan syntyy aina vallan keskuksia, jotka kokoavat ja imev\u00e4t itseens\u00e4 heikompia voimia. Ja sit\u00e4 jatkuu siihen asti, ett\u00e4 kokonaisuus alkaa j\u00e4lleen hajota osiin. Yhteydet synnytt\u00e4v\u00e4t tuhoisia j\u00e4nnitteit\u00e4.\u201d<\/em><\/p>\n\n\n\n<p>Rapistuvassa latvialaiskartanossa el\u00e4\u00e4 omintakeinen perhe: tarinaansa meille kertova poika, hautajaisvankkureita ajava isois\u00e4 sek\u00e4 pojan yll\u00e4tt\u00e4en ilmaantuva puoliksi japanilainen velipuoli \u2013 ja Paronitar, josta kukaan ei tahdo ottaa selkoa. Erilaiset kansallisuudet ja uskonnot ovat elelleet rinta rinnan vuosisatojen ajan, ja kun toinen maailmansota l\u00e4hestyy, omasta menneisyydest\u00e4 l\u00f6ytyvill\u00e4 tarinoilla on uutta, kurssiltaan vaihtelevaa arvoa selviytymistaistelussa.<\/p>\n\n\n\n<p>Samalla seudulla,150 vuotta aiemmin: paronitar Waltraut von Br\u00fcgenin aviomies on haljennut kahtia Ven\u00e4j\u00e4n ja Turkin v\u00e4lisell\u00e4 sotarintamalla. Ehk\u00e4 kaikki ei kuitenkaan ole mennytt\u00e4, lupailee okkultisti Cagliostro, joka kristallipalloineen ja silm\u00e4nk\u00e4\u00e4nt\u00f6temppuineen on hurmannut baltiansaksalaiset aristokraatit.<\/p>\n\n\n\n<p>Zigmunds Skuji\u0146\u0161in romaani on riemastuttavan surrealistinen kuvaus suurista aiheista: nationalistisen politiikan mahdottomuudesta, kasvamisen vaikeudesta ja siit\u00e4, mist\u00e4 ihminen koostuu.<\/p>\n\n\n\n<p><strong>Zigmunds Skuji\u0146\u0161<\/strong>&nbsp;(1926-2022) on Latvian arvostetuimpia kirjailijoita.&nbsp;<em>Latvialainen domino<\/em>&nbsp;(<em>Miesas kr\u0101sas domino<\/em>, 1999) on h\u00e4nen ensimm\u00e4inen suomennettu teoksensa.<\/p>\n\n\n\n<p><\/p>\n\n\n\n<p><a href=\"https:\/\/holvi.com\/shop\/fabriikki8\/product\/edabcbc3857a7cbf5e245b70a152ca0d\/\">Osta verkkokaupasta<\/a><\/p>\n\n<!-- Facebook Like Button Vivacity Infotech BEGIN -->\n<fb:like href=\"https:\/\/fabriikki8.fi\/wordpress\/kustannus\/zigmunds-skujins-latvialainen-domino\/\" layout=\"button_count\" show_faces=\"false\" width=\"450\" action=\"like\" colorscheme=\"light\"><\/fb:like>\n<!-- Facebook Like Button Vivacity Infotech END -->\n","protected":false},"excerpt":{"rendered":"<p>Ihmisten kokoontuminen kansoiksi on Jumalan ihme. Samanlainen kuin taivaan pisaroiden kokoontuminen pilviksi tai veden muotoutuminen aalloiksi. Jos ei tied\u00e4 urkujen rakenteesta mit\u00e4\u00e4n, saattaa kuvitella, ett\u00e4 rei\u00e4t pilleiss\u00e4 ovat tarpeettomia, vaikka todellisuudessa urut soivat juuri reikien ansiosta. Maailmaan syntyy aina vallan keskuksia, jotka kokoavat ja imev\u00e4t itseens\u00e4 heikompia voimia. Ja sit\u00e4 jatkuu siihen asti, ett\u00e4 kokonaisuus&#8230;<\/p>\n","protected":false},"author":1,"featured_media":0,"parent":610,"menu_order":0,"comment_status":"closed","ping_status":"closed","template":"","meta":{"footnotes":""},"class_list":["post-1242","page","type-page","status-publish","hentry","page-entry","loop-entry clr"],"_links":{"self":[{"href":"https:\/\/fabriikki8.fi\/wordpress\/wp-json\/wp\/v2\/pages\/1242","targetHints":{"allow":["GET"]}}],"collection":[{"href":"https:\/\/fabriikki8.fi\/wordpress\/wp-json\/wp\/v2\/pages"}],"about":[{"href":"https:\/\/fabriikki8.fi\/wordpress\/wp-json\/wp\/v2\/types\/page"}],"author":[{"embeddable":true,"href":"https:\/\/fabriikki8.fi\/wordpress\/wp-json\/wp\/v2\/users\/1"}],"replies":[{"embeddable":true,"href":"https:\/\/fabriikki8.fi\/wordpress\/wp-json\/wp\/v2\/comments?post=1242"}],"version-history":[{"count":3,"href":"https:\/\/fabriikki8.fi\/wordpress\/wp-json\/wp\/v2\/pages\/1242\/revisions"}],"predecessor-version":[{"id":1298,"href":"https:\/\/fabriikki8.fi\/wordpress\/wp-json\/wp\/v2\/pages\/1242\/revisions\/1298"}],"up":[{"embeddable":true,"href":"https:\/\/fabriikki8.fi\/wordpress\/wp-json\/wp\/v2\/pages\/610"}],"wp:attachment":[{"href":"https:\/\/fabriikki8.fi\/wordpress\/wp-json\/wp\/v2\/media?parent=1242"}],"curies":[{"name":"wp","href":"https:\/\/api.w.org\/{rel}","templated":true}]}}