{"id":1073,"date":"2018-05-08T08:39:50","date_gmt":"2018-05-08T05:39:50","guid":{"rendered":"http:\/\/fabriikki8.fi\/?page_id=1073"},"modified":"2023-02-20T14:10:38","modified_gmt":"2023-02-20T12:10:38","slug":"ananda-devi-naista-raunioista","status":"publish","type":"page","link":"https:\/\/fabriikki8.fi\/wordpress\/kustannus\/ananda-devi-naista-raunioista\/","title":{"rendered":"Ananda Devi: N\u00e4ist\u00e4 raunioista"},"content":{"rendered":"<div id=\"attachment_1071\" style=\"width: 208px\" class=\"wp-caption alignleft\"><a href=\"https:\/\/fabriikki8.fi\/wordpress\/wp-content\/uploads\/2015\/10\/naistaraunioista_kansi.jpg\" rel=\"attachment wp-att-1071\"><img loading=\"lazy\" decoding=\"async\" aria-describedby=\"caption-attachment-1071\" class=\"size-medium wp-image-1071\" src=\"https:\/\/fabriikki8.fi\/wordpress\/wp-content\/uploads\/2015\/10\/naistaraunioista_kansi-198x300.jpg\" alt=\"Ananda Devi: N\u00e4ist\u00e4 raunioista (Eve de ses decombres, 2006). Suom. Saana Rusi. ISBN 978-952-68456-8-5. 152 s., nid.\" width=\"198\" height=\"300\" srcset=\"https:\/\/fabriikki8.fi\/wordpress\/wp-content\/uploads\/2015\/10\/naistaraunioista_kansi-198x300.jpg 198w, https:\/\/fabriikki8.fi\/wordpress\/wp-content\/uploads\/2015\/10\/naistaraunioista_kansi-768x1163.jpg 768w, https:\/\/fabriikki8.fi\/wordpress\/wp-content\/uploads\/2015\/10\/naistaraunioista_kansi-676x1024.jpg 676w, https:\/\/fabriikki8.fi\/wordpress\/wp-content\/uploads\/2015\/10\/naistaraunioista_kansi-99x150.jpg 99w, https:\/\/fabriikki8.fi\/wordpress\/wp-content\/uploads\/2015\/10\/naistaraunioista_kansi.jpg 1524w\" sizes=\"auto, (max-width: 198px) 100vw, 198px\" \/><\/a><p id=\"caption-attachment-1071\" class=\"wp-caption-text\"><strong>Ananda Devi<\/strong>: <em>N\u00e4ist\u00e4 raunioista<\/em> (<em>Eve de ses decombres<\/em>, 2006). Suom. Saana Rusi. ISBN 978-952-68456-8-5. 152 s., nid.<\/p><\/div>\n<p><strong>Kasvukertomuksia rikkin\u00e4isest\u00e4 yhteiskunnasta<\/strong><\/p>\n<p>Mauritiuksen hiostavan turistisaaren laitamilla pelko, v\u00e4kivalta ja loputon kaupank\u00e4ynti py\u00f6ritt\u00e4v\u00e4t nelj\u00e4n nuoren kertojan maailmaa. \u00c8ve, josta kaikki alkaa ja johon kaikki loppuu, valitsee aseekseen vartalonsa. Sadiq el\u00e4\u00e4 sek\u00e4 jengien y\u00f6ss\u00e4 ett\u00e4 Rimbaudin sanojen innoittamassa p\u00e4iv\u00e4ss\u00e4 ja yritt\u00e4\u00e4 suojella \u00c8ve\u00e4 aamunkoiton rajan kummallakin puolen. Cl\u00e9lion kapina on n\u00e4ytt\u00e4v\u00e4\u00e4, mutta h\u00e4nkin on vain seitsem\u00e4ntoista. Ja Savita, Savita on ainoa, jonka \u00c8ve p\u00e4\u00e4st\u00e4\u00e4 syd\u00e4meens\u00e4.<\/p>\n<p>N\u00e4ist\u00e4 raunioista on vimmainen, runollinen ja viilt\u00e4v\u00e4n rehellinen tarina siit\u00e4, miten raadollisia seurauksia voi tavallisilla kasvukivuilla rikkin\u00e4isess\u00e4 yhteiskunnassa olla.<\/p>\n<p><strong>Ananda Devi<\/strong> (s. 1957) on Mauritiuksen merkitt\u00e4vimpi\u00e4 kirjailijoita, jolta on 1970-luvulta l\u00e4htien julkaistu lukuisia romaaneja sek\u00e4 runo- ja novellikokoelmia. <em>N\u00e4ist\u00e4 raunioista<\/em> (<em>\u00c8ve de ses d\u00e9combres<\/em>, 2006) on voittanut lukuisia palkintoja, muun muassa arvostetun Prix des cinq continents de la Francophonie -palkinnon (2006). Kirjasta tehtiin vuonna 2012 elokuva <em>Les enfants de Troumaron<\/em>, joka on n\u00e4hty elokuvafestivaaleilla my\u00f6s Suomessa.<\/p>\n<p><a href=\"https:\/\/holvi.com\/shop\/fabriikki8\/product\/70db01fc875e9b450bc03d92caa1296c\/\" target=\"_blank\" rel=\"noopener\">Osta verkkokaupasta<\/a><\/p>\n<p>Teoksesta muualla:<\/p>\n<p><a href=\"https:\/\/mondediplo.fi\/6-2018\/maantieteen-vangit\/\" target=\"_blank\" rel=\"noopener\">Toivottomuuden l\u00e4hteill\u00e4<\/a> &#8211; Le Monde diplomatique, 5.12.2018<br \/>\n<a href=\"https:\/\/www.kauppalehti.fi\/uutiset\/tyhjasta-rikkaat\/gf4L47WP\" target=\"_blank\" rel=\"noopener\">Tyhj\u00e4st\u00e4 rikkaat<\/a> &#8211; Kauppalehti 17.9.2018<a href=\"http:\/\/www.kiiltomato.net\/ananda-devi-naista-raunioista\/\" target=\"_blank\" rel=\"noopener\"><br \/>\nTroumaronin lyyriset rauniot<\/a> &#8211; Kiiltomato 8.8.2018<a href=\"http:\/\/www.mitaluimmekerran.fi\/2018\/06\/ananda-devi-naista-raunioista.html\" target=\"_blank\" rel=\"noopener\"><br \/>\nMit\u00e4 luimme kerran -blogi<br \/>\n<\/a><a href=\"https:\/\/mummomatkalla.blogspot.com\/2018\/06\/ananda-devi-naista-raunioistaeve-de-ses.html\" target=\"_blank\" rel=\"noopener\">Mummo matkalla -blogi<br \/>\n<\/a><a href=\"https:\/\/kirjavarkaantunnustuksia.com\/2018\/06\/21\/ananda-devi-naista-raunioista\/\" target=\"_blank\" rel=\"noopener\">Kirjavarkaan tunnustuksia -blogi<\/a><\/p>\n<p>Jokaisen Fabriikki Kustannuksen julkaiseman kirjan lopusta on\u00a0syksyst\u00e4 2017 alkaen\u00a0l\u00f6ytynyt lyhyt suosituslista. Listoille valitaan suomennettua kaunokirjallisuutta, joka tavalla tai toisella keskustelee Fabriikin julkaiseman teoksen kanssa. <em>N\u00e4ist\u00e4 raunioista<\/em>\u00a0-teoksen lopusta l\u00f6ytyv\u00e4n listan voi nyt ladata talteen t\u00e4\u00e4lt\u00e4: <a href=\"https:\/\/fabriikki8.fi\/wordpress\/wp-content\/uploads\/2018\/05\/n\u00e4ist\u00e4-raunioista_suositukset.pdf\" rel=\"\">Kirjasuositukset<\/a><\/p>\n\n<!-- Facebook Like Button Vivacity Infotech BEGIN -->\n<fb:like href=\"https:\/\/fabriikki8.fi\/wordpress\/kustannus\/ananda-devi-naista-raunioista\/\" layout=\"button_count\" show_faces=\"false\" width=\"450\" action=\"like\" colorscheme=\"light\"><\/fb:like>\n<!-- Facebook Like Button Vivacity Infotech END -->\n","protected":false},"excerpt":{"rendered":"<p>Kasvukertomuksia rikkin\u00e4isest\u00e4 yhteiskunnasta Mauritiuksen hiostavan turistisaaren laitamilla pelko, v\u00e4kivalta ja loputon kaupank\u00e4ynti py\u00f6ritt\u00e4v\u00e4t nelj\u00e4n nuoren kertojan maailmaa. \u00c8ve, josta kaikki alkaa ja johon kaikki loppuu, valitsee aseekseen vartalonsa. Sadiq el\u00e4\u00e4 sek\u00e4 jengien y\u00f6ss\u00e4 ett\u00e4 Rimbaudin sanojen innoittamassa p\u00e4iv\u00e4ss\u00e4 ja yritt\u00e4\u00e4 suojella \u00c8ve\u00e4 aamunkoiton rajan kummallakin puolen. Cl\u00e9lion kapina on n\u00e4ytt\u00e4v\u00e4\u00e4, mutta h\u00e4nkin on vain seitsem\u00e4ntoista&#8230;.<\/p>\n","protected":false},"author":1,"featured_media":0,"parent":610,"menu_order":0,"comment_status":"closed","ping_status":"closed","template":"","meta":{"footnotes":""},"class_list":["post-1073","page","type-page","status-publish","hentry","page-entry","loop-entry clr"],"_links":{"self":[{"href":"https:\/\/fabriikki8.fi\/wordpress\/wp-json\/wp\/v2\/pages\/1073","targetHints":{"allow":["GET"]}}],"collection":[{"href":"https:\/\/fabriikki8.fi\/wordpress\/wp-json\/wp\/v2\/pages"}],"about":[{"href":"https:\/\/fabriikki8.fi\/wordpress\/wp-json\/wp\/v2\/types\/page"}],"author":[{"embeddable":true,"href":"https:\/\/fabriikki8.fi\/wordpress\/wp-json\/wp\/v2\/users\/1"}],"replies":[{"embeddable":true,"href":"https:\/\/fabriikki8.fi\/wordpress\/wp-json\/wp\/v2\/comments?post=1073"}],"version-history":[{"count":10,"href":"https:\/\/fabriikki8.fi\/wordpress\/wp-json\/wp\/v2\/pages\/1073\/revisions"}],"predecessor-version":[{"id":1278,"href":"https:\/\/fabriikki8.fi\/wordpress\/wp-json\/wp\/v2\/pages\/1073\/revisions\/1278"}],"up":[{"embeddable":true,"href":"https:\/\/fabriikki8.fi\/wordpress\/wp-json\/wp\/v2\/pages\/610"}],"wp:attachment":[{"href":"https:\/\/fabriikki8.fi\/wordpress\/wp-json\/wp\/v2\/media?parent=1073"}],"curies":[{"name":"wp","href":"https:\/\/api.w.org\/{rel}","templated":true}]}}